{"id":201,"date":"2020-07-10T09:28:31","date_gmt":"2020-07-10T09:28:31","guid":{"rendered":"https:\/\/www.svetkamenovazdravia.sk\/?page_id=201"},"modified":"2026-03-10T09:47:19","modified_gmt":"2026-03-10T09:47:19","slug":"kontakt","status":"publish","type":"page","link":"https:\/\/www.svetkamenovazdravia.sk\/index.php\/kontakt\/","title":{"rendered":"Kontakt"},"content":{"rendered":"<h4><strong>Svet Kamenov a Zdravia<\/strong><\/h4>\n<p><strong>K\u0159\u00ed\u017eovnick\u00e1 55<\/strong><br \/>\n<strong>Tursko 252 65<\/strong><br \/>\n<b>\u010cesk\u00e1 republika<\/b><\/p>\n<p><strong>I\u010c: 47920459<\/strong><br \/>\n<strong>DI\u010c: 3021375159<\/strong><br \/>\n<strong>IBAN: SK39 0900 0000 0051 7088 8105<\/strong><\/p>\n<h5 class=\"entry-title\"><strong>OBCHODN\u00c9 PODMIENKY&nbsp; <a href=\"https:\/\/www.svetkamenovazdravia.sk\/index.php\/obchodne-podmienky\/\">ZDE<\/a><\/strong><\/h5>\n<p><strong>email: svetkamenovazdravia@gmail.com<\/strong><\/p>\n<p><a href=\"https:\/\/www.facebook.com\/groups\/KAMENOVO.SYSLOVO\" target=\"_blank\" rel=\"noopener noreferrer\"><img loading=\"lazy\" decoding=\"async\" class=\"alignnone wp-image-775\" src=\"https:\/\/www.svetkamenovazdravia.sk\/wp-content\/uploads\/2021\/01\/stahov\u00e1n\u00ed.png\" alt=\"\" width=\"152\" height=\"85\" data-wp-editing=\"1\"><\/a><\/p>\n<p>&nbsp;<\/p>\n","protected":false},"excerpt":{"rendered":"<p>Svet Kamenov a Zdravia K\u0159\u00ed\u017eovnick\u00e1 55 Tursko 252 65 \u010cesk\u00e1 republika I\u010c: 47920459 DI\u010c: 3021375159 IBAN: SK39 0900 0000 0051 7088 8105 OBCHODN\u00c9 PODMIENKY&nbsp; ZDE email: svetkamenovazdravia@gmail.com &nbsp;<\/p>\n","protected":false},"author":2,"featured_media":0,"parent":0,"menu_order":0,"comment_status":"closed","ping_status":"closed","template":"","meta":{"ngg_post_thumbnail":0,"_joinchat":[],"footnotes":""},"class_list":["post-201","page","type-page","status-publish","hentry"],"jetpack_sharing_enabled":true,"_links":{"self":[{"href":"https:\/\/www.svetkamenovazdravia.sk\/index.php\/wp-json\/wp\/v2\/pages\/201","targetHints":{"allow":["GET"]}}],"collection":[{"href":"https:\/\/www.svetkamenovazdravia.sk\/index.php\/wp-json\/wp\/v2\/pages"}],"about":[{"href":"https:\/\/www.svetkamenovazdravia.sk\/index.php\/wp-json\/wp\/v2\/types\/page"}],"author":[{"embeddable":true,"href":"https:\/\/www.svetkamenovazdravia.sk\/index.php\/wp-json\/wp\/v2\/users\/2"}],"replies":[{"embeddable":true,"href":"https:\/\/www.svetkamenovazdravia.sk\/index.php\/wp-json\/wp\/v2\/comments?post=201"}],"version-history":[{"count":15,"href":"https:\/\/www.svetkamenovazdravia.sk\/index.php\/wp-json\/wp\/v2\/pages\/201\/revisions"}],"predecessor-version":[{"id":1942,"href":"https:\/\/www.svetkamenovazdravia.sk\/index.php\/wp-json\/wp\/v2\/pages\/201\/revisions\/1942"}],"wp:attachment":[{"href":"https:\/\/www.svetkamenovazdravia.sk\/index.php\/wp-json\/wp\/v2\/media?parent=201"}],"curies":[{"name":"wp","href":"https:\/\/api.w.org\/{rel}","templated":true}]}}