{"id":1251,"date":"2022-02-11T22:23:37","date_gmt":"2022-02-11T22:23:37","guid":{"rendered":"https:\/\/www.svetkamenovazdravia.sk\/?post_type=product&#038;p=1251"},"modified":"2022-12-26T20:10:18","modified_gmt":"2022-12-26T20:10:18","slug":"lapis-lazuli-generator","status":"publish","type":"product","link":"https:\/\/www.svetkamenovazdravia.sk\/index.php\/produkt\/lapis-lazuli-generator\/","title":{"rendered":"L\u00e1pis lazuli &#8211; gener\u00e1tor"},"content":{"rendered":"<p>Lazurit&nbsp;<strong>otev\u00edr\u00e1 t\u0159et\u00ed oko&nbsp;<\/strong>a&nbsp;<strong>udr\u017euje rovnov\u00e1hu kr\u010dn\u00ed \u010dakry<\/strong>. Napom\u00e1h\u00e1 k dosa\u017een\u00ed stavu osv\u00edcen\u00ed, usnad\u0148uje vyvol\u00e1v\u00e1n\u00ed a v\u00fdklad sn\u016f a zvy\u0161uje du\u0161evn\u00ed schopnosti. Tento k\u00e1men rychle odstra\u0148uje stres a p\u0159in\u00e1\u0161\u00ed pocit hlubok\u00e9ho klidu a m\u00edru. Dod\u00e1v\u00e1 mimo\u0159\u00e1dnou vyrovnanost a p\u0159edstavuje kl\u00ed\u010d k dosa\u017een\u00ed duchovn\u00edch znalost\u00ed.<\/p>\n<p>&nbsp;<\/p>\n<p>Lazurit je ochrann\u00fd k\u00e1men, kter\u00fd umo\u017e\u0148uje nav\u00e1zat kontakt s duchovn\u00edmi pr\u016fvodci.&nbsp;<strong>Dok\u00e1\u017ee rozpoznat hrozbu du\u0161evn\u00edho \u00fatoku, zastav\u00ed ho a vr\u00e1t\u00ed \u00fato\u010d\u00edc\u00ed energii zp\u011bt k jej\u00edmu zdroji.<\/strong>&nbsp;U\u010d\u00ed s\u00edle vy\u0159\u010den\u00e9ho slova a dok\u00e1\u017ee zvr\u00e1tit ne\u0161t\u011bst\u00ed nebo napravit nerovnov\u00e1hu zp\u016fsobenou v minulosti ml\u010den\u00edm.<\/p>\n","protected":false},"excerpt":{"rendered":"<p>Vlastnosti kamene&nbsp;<a href=\"https:\/\/kamenovo.cz\/index.php\/2018\/03\/08\/lapis-lazuri\/\"><strong>ZDE<\/strong><\/a><\/p>\n<ul>\n<li>ochrann\u00fd fara\u00f3nsk\u00fd k\u00e1men<\/li>\n<li>super dynamick\u00fd tvar<\/li>\n<li>kr\u010dn\u00ed \u010dakra<\/li>\n<li>velk\u00fd pod\u00edl pyritu<\/li>\n<\/ul>\n","protected":false},"featured_media":1252,"comment_status":"open","ping_status":"closed","template":"","meta":{"ngg_post_thumbnail":0,"_joinchat":[]},"product_cat":[54],"product_tag":[],"class_list":{"0":"post-1251","1":"product","2":"type-product","3":"status-publish","4":"has-post-thumbnail","6":"product_cat-generatory","8":"first","9":"outofstock","10":"shipping-taxable","11":"purchasable","12":"product-type-simple"},"jetpack_sharing_enabled":true,"_links":{"self":[{"href":"https:\/\/www.svetkamenovazdravia.sk\/index.php\/wp-json\/wp\/v2\/product\/1251","targetHints":{"allow":["GET"]}}],"collection":[{"href":"https:\/\/www.svetkamenovazdravia.sk\/index.php\/wp-json\/wp\/v2\/product"}],"about":[{"href":"https:\/\/www.svetkamenovazdravia.sk\/index.php\/wp-json\/wp\/v2\/types\/product"}],"replies":[{"embeddable":true,"href":"https:\/\/www.svetkamenovazdravia.sk\/index.php\/wp-json\/wp\/v2\/comments?post=1251"}],"wp:featuredmedia":[{"embeddable":true,"href":"https:\/\/www.svetkamenovazdravia.sk\/index.php\/wp-json\/wp\/v2\/media\/1252"}],"wp:attachment":[{"href":"https:\/\/www.svetkamenovazdravia.sk\/index.php\/wp-json\/wp\/v2\/media?parent=1251"}],"wp:term":[{"taxonomy":"product_cat","embeddable":true,"href":"https:\/\/www.svetkamenovazdravia.sk\/index.php\/wp-json\/wp\/v2\/product_cat?post=1251"},{"taxonomy":"product_tag","embeddable":true,"href":"https:\/\/www.svetkamenovazdravia.sk\/index.php\/wp-json\/wp\/v2\/product_tag?post=1251"}],"curies":[{"name":"wp","href":"https:\/\/api.w.org\/{rel}","templated":true}]}}