{"id":1330,"date":"2022-02-13T19:58:29","date_gmt":"2022-02-13T19:58:29","guid":{"rendered":"https:\/\/www.svetkamenovazdravia.sk\/?post_type=product&#038;p=1330"},"modified":"2022-02-13T20:05:03","modified_gmt":"2022-02-13T20:05:03","slug":"smaragd-naramek","status":"publish","type":"product","link":"https:\/\/www.svetkamenovazdravia.sk\/index.php\/produkt\/smaragd-naramek\/","title":{"rendered":"Smaragd &#8211; n\u00e1ramek"},"content":{"rendered":"<p><strong>Barva:<\/strong>&nbsp;Zelen\u00fd<\/p>\n<p><strong>Vzhled:&nbsp;<\/strong>Mal\u00e9 z\u00e1\u0159iv\u00e9 drahokamy nebo v\u011bt\u0161\u00ed temn\u011bj\u0161\u00ed krystaly<\/p>\n<p><strong>Vlastnosti:&nbsp;<\/strong>Smaragd je kamenem inspirace a nekone\u010dn\u00e9 trp\u011blivosti. Prop\u016fj\u010duje \u017eivotu vyrovnanost a integritu. Coby k\u00e1men \u00fasp\u011b\u0161n\u00e9 l\u00e1sky p\u0159ivol\u00e1v\u00e1 dom\u00e1c\u00ed \u0161t\u011bst\u00ed a v\u011brnost. Zvy\u0161uje pocit jednoty, ni\u010d\u00edm nepodm\u00edn\u011bn\u00e9 bezv\u00fdhradn\u00e9 l\u00e1sky, blahod\u00e1rn\u011b p\u016fsob\u00ed na partnersk\u00e9 vztahy, kter\u00e9 udr\u017euje v rovnov\u00e1ze. Pokud zm\u011bn\u00ed barvu, jedn\u00e1 se o sign\u00e1l nev\u011bry. Smaragd&nbsp;<strong>otev\u00edr\u00e1 srde\u010dn\u00ed \u010dakru<\/strong>&nbsp;a p\u016fsob\u00ed uklid\u0148uj\u00edc\u00edm zp\u016fsobem na city.<\/p>\n<p>Krystal zaji\u0161\u0165uje t\u011blesnou, citovou a du\u0161evn\u00ed rovnov\u00e1hu. Odstra\u0148uje v\u0161e negativn\u00ed a vyvol\u00e1v\u00e1 pozitivn\u00ed d\u011bje. Pom\u00e1h\u00e1 majiteli, aby se soust\u0159edil na sv\u00e9 z\u00e1m\u011bry, a posouv\u00e1 jeho v\u011bdom\u00ed na vy\u0161\u0161\u00ed \u00farove\u0148. Podn\u011bcuje k pozitivn\u00edm \u010din\u016fm. Zlep\u0161uje du\u0161evn\u00ed schopnosti, otev\u00edr\u00e1 cestu k jasnoz\u0159ivosti a p\u0159iv\u00e1d\u00ed na cestu k dosa\u017een\u00ed vy\u0161\u0161\u00ed moudrosti. Podle star\u00fdch tradic poskytuje smaragd ochranu p\u0159ed kouzly \u010darod\u011bj\u016f a pom\u00e1h\u00e1 p\u0159edpov\u00eddat budoucnost.<\/p>\n<p>V du\u0161evn\u00edm \u017eivot\u011b zvy\u0161uje s\u00edlu charakteru pot\u0159ebnou k p\u0159ekon\u00e1v\u00e1n\u00ed \u017eivotn\u00edch nezdar\u016f. Jedn\u00e1 se o k\u00e1men regenerace a uzdraven\u00ed, kter\u00fd l\u00e9\u010d\u00ed negativn\u00ed city. Zvy\u0161uje schopnost u\u017e\u00edvat si \u017eivota pln\u00fdmi dou\u0161ky a v cel\u00e9 jeho kr\u00e1se. Pom\u00e1h\u00e1 rovn\u011b\u017e v p\u0159\u00edpadech klaustrofobie. Smaragd je zdrojem du\u0161evn\u00edho jasu, posiluje vzpom\u00ednky a povzbuzuje k hlub\u0161\u00edmu pozn\u00e1n\u00ed sebe sama. Roz\u0161i\u0159uje v\u011bdom\u00ed. Jedn\u00e1 se o k\u00e1men moudrosti, p\u0159in\u00e1\u0161ej\u00edc\u00ed bystrost \u00fasudku a pravdu. Pom\u00e1h\u00e1 k v\u00fd\u0159e\u010dnosti p\u0159i projevu vlastn\u00edch n\u00e1zor\u016f.<\/p>\n<p><strong>L\u00e9\u010debn\u00e9 vyu\u017eit\u00ed:&nbsp;<\/strong>Smaragd napom\u00e1h\u00e1 rekonvalescenci po infek\u010dn\u00edch chorob\u00e1ch. L\u00e9\u010d\u00ed z\u00e1n\u011bty dutin, plic a krku, tak\u00e9 p\u00e1te\u0159 a svaly. Blahod\u00e1rn\u011b p\u016fsob\u00ed na o\u010di. Zlep\u0161uje vid\u011bn\u00ed a detoxikuje j\u00e1tra. P\u0159in\u00e1\u0161\u00ed \u00falevu p\u0159i revmatizmu a cukrovce. Pou\u017e\u00edv\u00e1 se jako protijed. D\u0159\u00edve se v\u011b\u0159ilo, \u017ee smaragdov\u00fd p\u0159\u00edv\u011bsek no\u0161en\u00fd na krku chr\u00e1n\u00ed p\u0159ed epilepsi\u00ed. Jeho zelen\u00e9 paprsky dok\u00e1\u017eou pom\u00e1hat p\u0159i l\u00e9\u010den\u00ed zhoubn\u00fdch n\u00e1dor\u016f.<\/p>\n<p><strong>Um\u00edst\u011bn\u00ed:<\/strong>&nbsp;Noste na mal\u00ed\u010dku, prsten\u00ed\u010dku, na srdci nebo na prav\u00e9 ruce. Lze tak\u00e9 polo\u017eit na m\u00edsto, kter\u00e9 chcete l\u00e9\u010dit.&nbsp;<strong>Nenoste jej v\u0161ak trvale, nebo\u0165 by mohl uvolnit negativn\u00ed city. Matn\u00fd smaragd nen\u00ed vhodn\u00fd pro du\u0161evn\u00ed lad\u011bn\u00ed.<\/strong><\/p>\n","protected":false},"excerpt":{"rendered":"<h4><strong>FASETOVAN\u00dd\ud83d\udc8e\ud83d\udc8e\ud83d\udc8e\u2728<\/strong><\/h4>\n<ul>\n<li><strong>Smaragd je kamenem inspirace a nekone\u010dn\u00e9 trp\u011blivosti<\/strong><\/li>\n<li><strong>L\u00e9\u010d\u00ed z\u00e1n\u011bty dutin, plic a krku, tak\u00e9 p\u00e1te\u0159 a svaly. Blahod\u00e1rn\u011b p\u016fsob\u00ed na o\u010di<\/strong><\/li>\n<li><strong>V du\u0161evn\u00edm \u017eivot\u011b zvy\u0161uje s\u00edlu charakteru pot\u0159ebnou k p\u0159ekon\u00e1v\u00e1n\u00ed \u017eivotn\u00edch nezdar\u016f<\/strong><\/li>\n<li><strong>p\u0159ivol\u00e1v\u00e1 dom\u00e1c\u00ed \u0161t\u011bst\u00ed a v\u011brnost<\/strong><\/li>\n<li><strong>blahod\u00e1rn\u011b p\u016fsob\u00ed na partnersk\u00e9 vztahy, kter\u00e9 udr\u017euje v rovnov\u00e1ze<\/strong><\/li>\n<li>5mm<\/li>\n<\/ul>\n","protected":false},"featured_media":1332,"comment_status":"open","ping_status":"closed","template":"","meta":{"ngg_post_thumbnail":0,"_joinchat":[]},"product_cat":[30],"product_tag":[],"class_list":{"0":"post-1330","1":"product","2":"type-product","3":"status-publish","4":"has-post-thumbnail","6":"product_cat-naramky","8":"first","9":"instock","10":"shipping-taxable","11":"purchasable","12":"product-type-simple"},"jetpack_sharing_enabled":true,"_links":{"self":[{"href":"https:\/\/www.svetkamenovazdravia.sk\/index.php\/wp-json\/wp\/v2\/product\/1330","targetHints":{"allow":["GET"]}}],"collection":[{"href":"https:\/\/www.svetkamenovazdravia.sk\/index.php\/wp-json\/wp\/v2\/product"}],"about":[{"href":"https:\/\/www.svetkamenovazdravia.sk\/index.php\/wp-json\/wp\/v2\/types\/product"}],"replies":[{"embeddable":true,"href":"https:\/\/www.svetkamenovazdravia.sk\/index.php\/wp-json\/wp\/v2\/comments?post=1330"}],"wp:featuredmedia":[{"embeddable":true,"href":"https:\/\/www.svetkamenovazdravia.sk\/index.php\/wp-json\/wp\/v2\/media\/1332"}],"wp:attachment":[{"href":"https:\/\/www.svetkamenovazdravia.sk\/index.php\/wp-json\/wp\/v2\/media?parent=1330"}],"wp:term":[{"taxonomy":"product_cat","embeddable":true,"href":"https:\/\/www.svetkamenovazdravia.sk\/index.php\/wp-json\/wp\/v2\/product_cat?post=1330"},{"taxonomy":"product_tag","embeddable":true,"href":"https:\/\/www.svetkamenovazdravia.sk\/index.php\/wp-json\/wp\/v2\/product_tag?post=1330"}],"curies":[{"name":"wp","href":"https:\/\/api.w.org\/{rel}","templated":true}]}}