{"id":1365,"date":"2022-02-16T17:25:34","date_gmt":"2022-02-16T17:25:34","guid":{"rendered":"https:\/\/www.svetkamenovazdravia.sk\/?post_type=product&#038;p=1365"},"modified":"2022-02-16T17:26:48","modified_gmt":"2022-02-16T17:26:48","slug":"smithsonit-aaa-2","status":"publish","type":"product","link":"https:\/\/www.svetkamenovazdravia.sk\/index.php\/produkt\/smithsonit-aaa-2\/","title":{"rendered":"Smithsonit AAA"},"content":{"rendered":"<p><strong>Vlastnosti:<\/strong>&nbsp;Smithsonit je kame\u0148om pokoja, p\u00f4vabu a dobr\u00fdch koncov.&nbsp;Jeho pr\u00edtomnos\u0165 sa prejavuje mimoriadne citlivo, p\u00f4sob\u00ed ako tlmi\u010d probl\u00e9mov.&nbsp;Jedn\u00e1 sa o vynikaj\u00faci kry\u0161t\u00e1l na zdol\u00e1vanie najvy\u0161\u0161ieho stresu.&nbsp;Pom\u00e1ha zmierni\u0165 n\u00e1sledky du\u0161evn\u00e9ho zr\u00fatenia.<\/p>\n<p>Tento kame\u0148 je ide\u00e1lny pre ka\u017ed\u00e9ho, kto mal \u0165a\u017ek\u00e9 detstvo a c\u00edtil sa nemilovan\u00fd a nechcen\u00fd.&nbsp;<strong>Smithsonit lie\u010di vn\u00fatorn\u00e9 die\u0165a a hoj\u00ed vplyv citov\u00e9ho zneu\u017e\u00edvania i t\u00fdrania.&nbsp;<\/strong>Presne a jemne odstra\u0148uje citov\u00e9 zranenia.&nbsp;D\u00f4sledky jeho \u010dinnosti sa ale prejavuj\u00fa sk\u00f4r v zlep\u0161en\u00ed celkov\u00e9ho pocitu ako v \u00faplnom osloboden\u00ed od star\u00fdch citov\u00fdch traum.&nbsp;Na odhalenie v\u0161etk\u00fdch s\u00favislost\u00ed budete mo\u017eno potrebova\u0165 pomoc \u010fal\u0161\u00edch kame\u0148ov.&nbsp;<strong>Jedn\u00e1 sa o vynikaj\u00faci kry\u0161t\u00e1l pre zrodenie a znovuzrodenie.&nbsp;Dok\u00e1\u017ee lie\u010di\u0165 neplodnos\u0165.<\/strong><\/p>\n<p><strong>Smithsonit uv\u00e1dza do s\u00faladu \u010dakry<\/strong>&nbsp;a posil\u0148uje ment\u00e1lne schopnosti.&nbsp;Pokia\u013e ho po\u010das ment\u00e1lnej komunik\u00e1cie dr\u017e\u00edte v ruke, dok\u00e1\u017eete intuit\u00edvne odhadn\u00fa\u0165 jej skuto\u010dn\u00fa cenu.&nbsp;<strong>Po umiestnen\u00ed na korunn\u00fa \u010dakru v\u00e1s smithsonit spoj\u00ed s anjelskou r\u00ed\u0161ou<\/strong>&nbsp;.<\/p>\n<p>Na duchovnej \u00farovni smithsonit podporuje rozvoj vlastnost\u00ed nutn\u00fdch pre ka\u017ed\u00e9ho, kto chce vies\u0165 ostatn\u00fdch, najm\u00e4 taktu.<\/p>\n<p>V citovej oblasti uzdravuje komplikovan\u00e9 vz\u0165ahy.&nbsp;Ide o vynikaj\u00faci kame\u0148 na zabezpe\u010denie pokojn\u00e9ho a vyv\u00e1\u017een\u00e9ho \u017eivota, preto\u017ee v sebe nesie harm\u00f3niu, umenie diplomacie a schopnos\u0165 napr\u00e1va\u0165 nepr\u00edjemn\u00e9 situ\u00e1cie.<\/p>\n<p>V telesnej oblasti smithsonit v\u00fdborne \u00fa\u010dinkuje na imunitn\u00fd syst\u00e9m.&nbsp;Je mo\u017en\u00e9 ho tie\u017e rozmiestni\u0165 pri v\u0161etk\u00fdch rohoch postele a jeden k\u00fasok polo\u017ei\u0165 pod vank\u00fa\u0161 alebo na no\u010dn\u00fd stol\u00edk.&nbsp;Mimoriadne dobre \u00fa\u010dinkuje v kombin\u00e1cii s k\u00faskom krevele alebo zelen\u00fdm turmal\u00ednom upevnen\u00fdm na t\u00fdmusu.<\/p>\n","protected":false},"excerpt":{"rendered":"<p><strong>Farba:<\/strong>&nbsp;Ru\u017eov\u00fd, levandu\u013eov\u00fd, zelen\u00fd, modrozelen\u00fd, fialov\u00fd, hned\u00fd, \u017elt\u00fd, belavosiv\u00fd, modr\u00fd<\/p>\n<p><strong>Vzh\u013ead:<\/strong>&nbsp;Perle\u0165ovo leskl\u00fd.&nbsp;Podobn\u00fd vrstv\u00e1m hodv\u00e1bnych bubl\u00edn.&nbsp;Vyskytuje sa vo v\u0161etk\u00fdch ve\u013ekostiach<\/p>\n<p><strong>Lie\u010debn\u00e9 vyu\u017eitie:&nbsp;<\/strong>&nbsp;Smithsonit lie\u010di poruchy imunitn\u00e9ho syst\u00e9mu, dutiny a poruchy tr\u00e1venia.&nbsp;Uzdravuje aj osteopor\u00f3zu a pom\u00e1ha proti alkoholizmu.&nbsp;Obnovuje pru\u017enos\u0165 ciev a svalov.<\/p>\n<p><strong>Umiestnenie:<\/strong>&nbsp;Polo\u017ete na miesto pod\u013ea potreby alebo noste natrvalo.&nbsp;Umiestnite na temeno, aby do\u0161lo k usporiadaniu \u010dakier.&nbsp;Ru\u017eov\u00fd smithsonit polo\u017ete na srdce alebo t\u00fdmus.&nbsp;Urobte z jednotliv\u00fdch k\u00faskov mrie\u017eku okolo postele alebo tela.<\/p>\n","protected":false},"featured_media":1366,"comment_status":"open","ping_status":"closed","template":"","meta":{"ngg_post_thumbnail":0,"_joinchat":[]},"product_cat":[126],"product_tag":[],"class_list":{"0":"post-1365","1":"product","2":"type-product","3":"status-publish","4":"has-post-thumbnail","6":"product_cat-smithsonit","8":"first","9":"instock","10":"shipping-taxable","11":"purchasable","12":"product-type-simple"},"jetpack_sharing_enabled":true,"_links":{"self":[{"href":"https:\/\/www.svetkamenovazdravia.sk\/index.php\/wp-json\/wp\/v2\/product\/1365","targetHints":{"allow":["GET"]}}],"collection":[{"href":"https:\/\/www.svetkamenovazdravia.sk\/index.php\/wp-json\/wp\/v2\/product"}],"about":[{"href":"https:\/\/www.svetkamenovazdravia.sk\/index.php\/wp-json\/wp\/v2\/types\/product"}],"replies":[{"embeddable":true,"href":"https:\/\/www.svetkamenovazdravia.sk\/index.php\/wp-json\/wp\/v2\/comments?post=1365"}],"wp:featuredmedia":[{"embeddable":true,"href":"https:\/\/www.svetkamenovazdravia.sk\/index.php\/wp-json\/wp\/v2\/media\/1366"}],"wp:attachment":[{"href":"https:\/\/www.svetkamenovazdravia.sk\/index.php\/wp-json\/wp\/v2\/media?parent=1365"}],"wp:term":[{"taxonomy":"product_cat","embeddable":true,"href":"https:\/\/www.svetkamenovazdravia.sk\/index.php\/wp-json\/wp\/v2\/product_cat?post=1365"},{"taxonomy":"product_tag","embeddable":true,"href":"https:\/\/www.svetkamenovazdravia.sk\/index.php\/wp-json\/wp\/v2\/product_tag?post=1365"}],"curies":[{"name":"wp","href":"https:\/\/api.w.org\/{rel}","templated":true}]}}