{"id":1459,"date":"2022-02-19T18:07:46","date_gmt":"2022-02-19T18:07:46","guid":{"rendered":"https:\/\/www.svetkamenovazdravia.sk\/?post_type=product&#038;p=1459"},"modified":"2022-02-19T18:07:46","modified_gmt":"2022-02-19T18:07:46","slug":"vltavin-top-18","status":"publish","type":"product","link":"https:\/\/www.svetkamenovazdravia.sk\/index.php\/produkt\/vltavin-top-18\/","title":{"rendered":"Vltav\u00edn TOP"},"content":{"rendered":"<p>Vltav\u00edn neboli moldavit je dal\u0161\u00edm kamenem nov\u00e9ho v\u011bku. Jedn\u00e1 se o jednu z forem tektit\u016f, jim\u017e se p\u0159isuzuje mimozemsk\u00fd p\u016fvod souvisej\u00edc\u00ed s dopadem gigantick\u00e9ho meteoritu na Zemi. \u017d\u00e1rem, zp\u016fsoben\u00fdm dopadem nebesk\u00e9ho t\u011blesa, se roztavily okoln\u00ed horniny a rozst\u0159\u00edkly se do velik\u00e9 d\u00e1lky, kde vznikla dne\u0161n\u00ed nalezi\u0161t\u011b. Vltav\u00edn tud\u00ed\u017e p\u0159edstavuje splynut\u00ed mimozemsk\u00fdch energi\u00ed s Matkou Zem\u00ed. Jedn\u00e1 se o vz\u00e1cn\u00fd k\u00e1men. V sou\u010dasn\u00e9 dob\u011b se nach\u00e1z\u00ed pod\u00e9l b\u0159eh\u016f \u0159eky Vltavy a je nepravd\u011bpodobn\u00e9, \u017ee by se poda\u0159ilo objevit kdekoli jinde na sv\u011bt\u011b nov\u00e9 nalezi\u0161t\u011b. Postupem \u010dasu se zdroje tohoto krystalu vy\u010derpaj\u00ed.<\/p>\n","protected":false},"excerpt":{"rendered":"<ul>\n<li><strong>p\u016fvod&nbsp; \u010cR Netolice\ud83d\udc8e\ud83d\udc8e\ud83d\udc8e\ud83d\udc8e\ud83d\udc7c<\/strong><\/li>\n<li><strong>\u0161perkov\u00e1 kvalita\ud83d\udc8d\ud83d\udc8d\ud83d\udc8d\ud83d\udcff<\/strong><\/li>\n<li><strong>TOP&nbsp;barva<\/strong><\/li>\n<li><strong>bez po\u0161kozen\u00ed<\/strong><\/li>\n<li><strong>mimozemsk\u00fd p\u016fvod\ud83e\ude90\ud83e\ude90\ud83e\ude90\ud83e\ude90<\/strong><\/li>\n<\/ul>\n","protected":false},"featured_media":1458,"comment_status":"open","ping_status":"closed","template":"","meta":{"ngg_post_thumbnail":0,"_joinchat":[]},"product_cat":[91],"product_tag":[],"class_list":{"0":"post-1459","1":"product","2":"type-product","3":"status-publish","4":"has-post-thumbnail","6":"product_cat-vltavin","8":"first","9":"instock","10":"shipping-taxable","11":"purchasable","12":"product-type-simple"},"jetpack_sharing_enabled":true,"_links":{"self":[{"href":"https:\/\/www.svetkamenovazdravia.sk\/index.php\/wp-json\/wp\/v2\/product\/1459","targetHints":{"allow":["GET"]}}],"collection":[{"href":"https:\/\/www.svetkamenovazdravia.sk\/index.php\/wp-json\/wp\/v2\/product"}],"about":[{"href":"https:\/\/www.svetkamenovazdravia.sk\/index.php\/wp-json\/wp\/v2\/types\/product"}],"replies":[{"embeddable":true,"href":"https:\/\/www.svetkamenovazdravia.sk\/index.php\/wp-json\/wp\/v2\/comments?post=1459"}],"wp:featuredmedia":[{"embeddable":true,"href":"https:\/\/www.svetkamenovazdravia.sk\/index.php\/wp-json\/wp\/v2\/media\/1458"}],"wp:attachment":[{"href":"https:\/\/www.svetkamenovazdravia.sk\/index.php\/wp-json\/wp\/v2\/media?parent=1459"}],"wp:term":[{"taxonomy":"product_cat","embeddable":true,"href":"https:\/\/www.svetkamenovazdravia.sk\/index.php\/wp-json\/wp\/v2\/product_cat?post=1459"},{"taxonomy":"product_tag","embeddable":true,"href":"https:\/\/www.svetkamenovazdravia.sk\/index.php\/wp-json\/wp\/v2\/product_tag?post=1459"}],"curies":[{"name":"wp","href":"https:\/\/api.w.org\/{rel}","templated":true}]}}