{"id":1828,"date":"2025-01-09T12:28:45","date_gmt":"2025-01-09T12:28:45","guid":{"rendered":"https:\/\/www.svetkamenovazdravia.sk\/?post_type=product&#038;p=1828"},"modified":"2025-01-10T12:41:26","modified_gmt":"2025-01-10T12:41:26","slug":"andara","status":"publish","type":"product","link":"https:\/\/www.svetkamenovazdravia.sk\/index.php\/produkt\/andara\/","title":{"rendered":"Andara"},"content":{"rendered":"<h3><strong>Objevte jedine\u010dnost Andara Crystal<\/strong><\/h3>\n<p>Ka\u017ed\u00fd krystal Andara je zvl\u00e1\u0161tn\u00ed, nese jedine\u010dnou energii, kter\u00e1 promlouv\u00e1 p\u0159\u00edmo k du\u0161i. Tyto surov\u00e9 krystaly, vytvo\u0159en\u00e9 s l\u00e1skou a napln\u011bn\u00e9 z\u00e1m\u011brem p\u0159in\u00e9st bo\u017esk\u00e9 l\u00e9\u010den\u00ed a duchovn\u00ed r\u016fst, slou\u017e\u00ed jako mocn\u00e9 katalyz\u00e1tory vnit\u0159n\u00ed transformace.<\/p>\n<ul style=\"list-style-type: square;\">\n<li>Vyza\u0159uje l\u00e9\u010divou energii podporuj\u00edc\u00ed emocion\u00e1ln\u00ed, ment\u00e1ln\u00ed a duchovn\u00ed rovnov\u00e1hu<\/li>\n<li>Slou\u017e\u00ed jako kan\u00e1l pro spojen\u00ed s vy\u0161\u0161\u00edmi dimenzemi a duchovn\u00edmi pr\u016fvodci<\/li>\n<li>Posiluje intuitivn\u00ed schopnosti a urychluje osobn\u00ed r\u016fst a transformaci<\/li>\n<\/ul>\n<h3><strong>Duchovn\u00ed v\u00fdhody a l\u00e9\u010div\u00e9 vlastnosti<\/strong><\/h3>\n<p>Odemkn\u011bte duchovn\u00ed v\u00fdhody krystalu Andara a za\u017eijte jeho hlubok\u00e9 l\u00e9\u010div\u00e9 vlastnosti. Tento posv\u00e1tn\u00fd drahokam rezonuje s l\u00e1skou, soucitem a starod\u00e1vnou moudrost\u00ed, vyza\u0159uje vibrace, kter\u00e9 podporuj\u00ed hlubok\u00e9 uzdraven\u00ed du\u0161e, vnit\u0159n\u00ed m\u00edr a duchovn\u00ed probuzen\u00ed.<\/p>\n<h3><strong>Ct\u00edme na\u0161e lemursk\u00e9 ko\u0159eny<\/strong><\/h3>\n<p>V chr\u00e1mu Andara ct\u00edme na\u0161e lemursk\u00e9 ko\u0159eny t\u00edm, \u017ee do na\u0161ich v\u00fdtvor\u016f vkl\u00e1d\u00e1me l\u00e1sku, soucit a etickou integritu. Zveme v\u00e1s, abyste prozkoumali mystick\u00fd sv\u011bt krystal\u016f Andara a na\u0161li kousek, kter\u00fd rezonuje s cestou va\u0161\u00ed du\u0161e. Ka\u017ed\u00fd krystal \u010dek\u00e1 jen na v\u00e1s. P\u0159ijm\u011bte kouzlo a nechte l\u00e1sku a sv\u011btlo v\u00e9st va\u0161i cestu.<\/p>\n","protected":false},"excerpt":{"rendered":"<ul>\n<li>severn\u00ed Kalifornie<\/li>\n<li>zesilova\u010d v\u011bdom\u00ed a vibrac\u00ed<\/li>\n<li>uzdraven\u00ed fyzick\u00e9ho t\u011bla a mysli<\/li>\n<li>tvo\u0159\u00ed nov\u00e9 sv\u011bty<\/li>\n<li>ochrana cel\u00e9ho obydl\u00ed<\/li>\n<li>smaragdov\u00e1 barva<\/li>\n<li>amorfn\u00ed obsidi\u00e1nov\u00fd lom<\/li>\n<li>mimo\u0159adn\u011b silna energia<\/li>\n<li>pro mistry<\/li>\n<li>zbytky p\u0159\u00edrodn\u00edch p\u0159\u00edm\u011bs\u00ed z nalezi\u0161t\u011b<\/li>\n<\/ul>\n","protected":false},"featured_media":1830,"comment_status":"open","ping_status":"closed","template":"","meta":{"ngg_post_thumbnail":0,"_joinchat":[]},"product_cat":[144],"product_tag":[],"class_list":{"0":"post-1828","1":"product","2":"type-product","3":"status-publish","4":"has-post-thumbnail","6":"product_cat-aandara","8":"first","9":"instock","10":"shipping-taxable","11":"purchasable","12":"product-type-simple"},"jetpack_sharing_enabled":true,"_links":{"self":[{"href":"https:\/\/www.svetkamenovazdravia.sk\/index.php\/wp-json\/wp\/v2\/product\/1828","targetHints":{"allow":["GET"]}}],"collection":[{"href":"https:\/\/www.svetkamenovazdravia.sk\/index.php\/wp-json\/wp\/v2\/product"}],"about":[{"href":"https:\/\/www.svetkamenovazdravia.sk\/index.php\/wp-json\/wp\/v2\/types\/product"}],"replies":[{"embeddable":true,"href":"https:\/\/www.svetkamenovazdravia.sk\/index.php\/wp-json\/wp\/v2\/comments?post=1828"}],"wp:featuredmedia":[{"embeddable":true,"href":"https:\/\/www.svetkamenovazdravia.sk\/index.php\/wp-json\/wp\/v2\/media\/1830"}],"wp:attachment":[{"href":"https:\/\/www.svetkamenovazdravia.sk\/index.php\/wp-json\/wp\/v2\/media?parent=1828"}],"wp:term":[{"taxonomy":"product_cat","embeddable":true,"href":"https:\/\/www.svetkamenovazdravia.sk\/index.php\/wp-json\/wp\/v2\/product_cat?post=1828"},{"taxonomy":"product_tag","embeddable":true,"href":"https:\/\/www.svetkamenovazdravia.sk\/index.php\/wp-json\/wp\/v2\/product_tag?post=1828"}],"curies":[{"name":"wp","href":"https:\/\/api.w.org\/{rel}","templated":true}]}}