{"id":310,"date":"2020-08-05T11:46:03","date_gmt":"2020-08-05T11:46:03","guid":{"rendered":"https:\/\/www.svetkamenovazdravia.sk\/?post_type=product&#038;p=310"},"modified":"2022-02-11T23:47:08","modified_gmt":"2022-02-11T23:47:08","slug":"rubinovy-naramok","status":"publish","type":"product","link":"https:\/\/www.svetkamenovazdravia.sk\/index.php\/produkt\/rubinovy-naramok\/","title":{"rendered":"Rub\u00ednov\u00fd n\u00e1ramok"},"content":{"rendered":"<p>Hovor\u00ed sa, \u017ee&nbsp;<strong>Rub\u00edn<\/strong>&nbsp;&#8211; je ohe\u0148 srdca. Rub\u00edn bol odprad\u00e1vna v\u00e1\u017een\u00fdm a cten\u00fdm drah\u00fdm kame\u0148om podobne ako diamant, bol s\u00fa\u010das\u0165ou kr\u00e1\u013eovsk\u00fdch pokladov. Je to symbol majest\u00e1tnosti a vzne\u0161enosti. V Indii ho nosili maharajovia na \u010dele ako symbol sily a l\u00e1sky. Na trhu patr\u00ed medzi najdrah\u0161ie kamene najvy\u0161\u0161ej triedy. V Indii ho naz\u00fdvali Rat na radza &#8211; kame\u0148 c\u00edsarsk\u00fdch rodov. Je symbolom b\u00farlivej a strastiplnej l\u00e1sky, jeho \u00fa\u010dinok je naozaj ve\u013emi mocn\u00fd. Hovor\u00ed sa, \u017ee majite\u013e rub\u00edna by mal by\u0165 pri jeho nosen\u00ed opatrn\u00fd, lebo povzbudzuje k ve\u013ek\u00fdm \u010dinom . V ruk\u00e1ch vodcov d\u00e1va ve\u013ek\u00e9 schopnosti. V ruk\u00e1ch oby\u010dajn\u00fdch prin\u00e1\u0161a \u00faspech, l\u00e1sku a \u0161\u0165astie. Rub\u00edn vraj d\u00e1va silu leva, neboj\u00e1cnos\u0165, slobodu orla a m\u00fadros\u0165 zeme. Ak ho m\u00e1 na ruk\u00e1ch \u017eena, vraj jej zaru\u010d\u00ed plodnos\u0165. Ale takisto pozor, posil\u0148uje vraj aj negat\u00edvne znaky charakteru &#8211; ako egoizmus, nemilosrdnos\u0165, divokos\u0165&#8230; preto ho treba nosi\u0165 s opatrnos\u0165ou. Rub\u00edn symbolizuje ohe\u0148 srdca &#8211; l\u00e1sku srdca, s\u00edlu l\u00e1sky a \u017eivota.<\/p>\n","protected":false},"excerpt":{"rendered":"<h4><strong>Vlastnosti kamene <a href=\"https:\/\/orgonity-od-moniky.webnode.sk\/products\/rubin\/\"><span style=\"color: #ff0000;\">TU<\/span><\/a><\/strong><\/h4>\n<ul>\n<li><strong>Rub\u00edn<\/strong>&nbsp;&#8211; je ohe\u0148 srdca<\/li>\n<li>bol s\u00fa\u010das\u0165ou kr\u00e1\u013eovsk\u00fdch pokladov<\/li>\n<li>Je to symbol majest\u00e1tnosti a vzne\u0161enosti<\/li>\n<li><strong>Rub\u00edn symbolizuje ohe\u0148 srdca &#8211; l\u00e1sku srdca, s\u00edlu l\u00e1sky a \u017eivota<\/strong><\/li>\n<\/ul>\n","protected":false},"featured_media":311,"comment_status":"open","ping_status":"closed","template":"","meta":{"ngg_post_thumbnail":0,"_joinchat":[]},"product_cat":[30],"product_tag":[],"class_list":{"0":"post-310","1":"product","2":"type-product","3":"status-publish","4":"has-post-thumbnail","6":"product_cat-naramky","8":"first","9":"outofstock","10":"shipping-taxable","11":"purchasable","12":"product-type-simple"},"jetpack_sharing_enabled":true,"_links":{"self":[{"href":"https:\/\/www.svetkamenovazdravia.sk\/index.php\/wp-json\/wp\/v2\/product\/310","targetHints":{"allow":["GET"]}}],"collection":[{"href":"https:\/\/www.svetkamenovazdravia.sk\/index.php\/wp-json\/wp\/v2\/product"}],"about":[{"href":"https:\/\/www.svetkamenovazdravia.sk\/index.php\/wp-json\/wp\/v2\/types\/product"}],"replies":[{"embeddable":true,"href":"https:\/\/www.svetkamenovazdravia.sk\/index.php\/wp-json\/wp\/v2\/comments?post=310"}],"wp:featuredmedia":[{"embeddable":true,"href":"https:\/\/www.svetkamenovazdravia.sk\/index.php\/wp-json\/wp\/v2\/media\/311"}],"wp:attachment":[{"href":"https:\/\/www.svetkamenovazdravia.sk\/index.php\/wp-json\/wp\/v2\/media?parent=310"}],"wp:term":[{"taxonomy":"product_cat","embeddable":true,"href":"https:\/\/www.svetkamenovazdravia.sk\/index.php\/wp-json\/wp\/v2\/product_cat?post=310"},{"taxonomy":"product_tag","embeddable":true,"href":"https:\/\/www.svetkamenovazdravia.sk\/index.php\/wp-json\/wp\/v2\/product_tag?post=310"}],"curies":[{"name":"wp","href":"https:\/\/api.w.org\/{rel}","templated":true}]}}