{"id":455,"date":"2020-09-20T09:24:01","date_gmt":"2020-09-20T09:24:01","guid":{"rendered":"https:\/\/www.svetkamenovazdravia.sk\/?post_type=product&#038;p=455"},"modified":"2021-06-09T20:31:05","modified_gmt":"2021-06-09T20:31:05","slug":"shattuckit","status":"publish","type":"product","link":"https:\/\/www.svetkamenovazdravia.sk\/index.php\/produkt\/shattuckit\/","title":{"rendered":"Shattuckit"},"content":{"rendered":"<p><strong>Shatttuckit<\/strong>&nbsp;je vysoce vibra\u010dn\u00ed duchovn\u00ed k\u00e1men, kter\u00fd umo\u017e\u0148uje kontakt s nejryzej\u0161\u00edm \u010dist\u00fdm zdrojem energie. Vyza\u0159uje velmi jemnou, m\u00edrumilovnou a ochrannou energii. Umo\u017e\u0148uje odpoutat od sv\u00e9ho majitele v\u0161echny p\u0159ipojen\u00e9 entity. Stimuluje \u010dakru srdce, krku a t\u0159et\u00edho oka a je kamenem ryz\u00ed pravdy, komunikace a intuice. Sv\u00e9ho majitele u\u010d\u00ed vlastn\u00ed zodpov\u011bdnosti. Pom\u00e1h\u00e1 rozv\u00edjet ment\u00e1ln\u00ed schopnosti. Meditace s t\u00edmto kamenem odhal\u00ed, kter\u00e1 z oblast\u00ed va\u0161eho \u017eivota pr\u00e1v\u011b pot\u0159ebuje pozornost a pom\u016f\u017ee v\u00e1m ji p\u0159iv\u00e9st do stavu harmonie. P\u0159in\u00e1\u0161\u00ed jasn\u00e1, stru\u010dn\u00e1 poselstv\u00ed a vize a porozum\u011bn\u00ed jim. Odstra\u0148uje kletby, rozkazy a hypnotick\u00e9 p\u0159\u00edkazy poch\u00e1zej\u00edc\u00ed z minulosti.<\/p>\n<p><strong>L\u00e9\u010debn\u00e9 vyu\u017eit\u00ed:<\/strong>&nbsp;uv\u00e1d\u00ed t\u011blo do rovnov\u00e1hy, blahod\u00e1rn\u011b p\u016fsob\u00ed na men\u0161\u00ed zdravotn\u00ed probl\u00e9my. L\u00e9\u010d\u00ed u\u0161n\u00ed, kr\u010dn\u00ed a nosn\u00ed infekce, zejm\u00e9na ang\u00ednu. Je u\u017eite\u010dn\u00fd pro harmonizaci a regulaci krevn\u00edho ob\u011bhu. Zvy\u0161uje sr\u00e1\u017elivost krve.<\/p>\n","protected":false},"excerpt":{"rendered":"<ul>\n<li><strong>Velmi vz\u00e1cn\u00fd nerost\ud83d\udc8e\ud83d\udc8e\ud83d\udc8e\ud83d\udc8e<\/strong><\/li>\n<li><strong>energeticky velmi siln\u00fd<\/strong><\/li>\n<li><strong>podporuje korunn\u00ed \u010dakru<\/strong><\/li>\n<li><strong>k\u00e1men nov\u00e9 doby, nejvy\u0161\u0161\u00ed vibrace\ud83d\ude4f\ud83d\ude4f\ud83d\ude4f<\/strong><\/li>\n<\/ul>\n","protected":false},"featured_media":456,"comment_status":"open","ping_status":"closed","template":"","meta":{"ngg_post_thumbnail":0,"_joinchat":[]},"product_cat":[57],"product_tag":[],"class_list":{"0":"post-455","1":"product","2":"type-product","3":"status-publish","4":"has-post-thumbnail","6":"product_cat-shattuckit","8":"first","9":"outofstock","10":"shipping-taxable","11":"purchasable","12":"product-type-simple"},"jetpack_sharing_enabled":true,"_links":{"self":[{"href":"https:\/\/www.svetkamenovazdravia.sk\/index.php\/wp-json\/wp\/v2\/product\/455","targetHints":{"allow":["GET"]}}],"collection":[{"href":"https:\/\/www.svetkamenovazdravia.sk\/index.php\/wp-json\/wp\/v2\/product"}],"about":[{"href":"https:\/\/www.svetkamenovazdravia.sk\/index.php\/wp-json\/wp\/v2\/types\/product"}],"replies":[{"embeddable":true,"href":"https:\/\/www.svetkamenovazdravia.sk\/index.php\/wp-json\/wp\/v2\/comments?post=455"}],"wp:featuredmedia":[{"embeddable":true,"href":"https:\/\/www.svetkamenovazdravia.sk\/index.php\/wp-json\/wp\/v2\/media\/456"}],"wp:attachment":[{"href":"https:\/\/www.svetkamenovazdravia.sk\/index.php\/wp-json\/wp\/v2\/media?parent=455"}],"wp:term":[{"taxonomy":"product_cat","embeddable":true,"href":"https:\/\/www.svetkamenovazdravia.sk\/index.php\/wp-json\/wp\/v2\/product_cat?post=455"},{"taxonomy":"product_tag","embeddable":true,"href":"https:\/\/www.svetkamenovazdravia.sk\/index.php\/wp-json\/wp\/v2\/product_tag?post=455"}],"curies":[{"name":"wp","href":"https:\/\/api.w.org\/{rel}","templated":true}]}}